{"id":281,"date":"2014-05-14T17:48:27","date_gmt":"2014-05-14T16:48:27","guid":{"rendered":"http:\/\/codex.geologie-lyon.fr\/?page_id=281"},"modified":"2026-02-03T12:47:52","modified_gmt":"2026-02-03T11:47:52","slug":"les-assistants-de-prevention","status":"publish","type":"page","link":"https:\/\/codex.geologie-lyon.fr\/?page_id=281","title":{"rendered":"Les assistants de pr\u00e9vention"},"content":{"rendered":"<p style=\"text-align: justify;\">La s\u00e9curit\u00e9 est l\u2019affaire de tous. Chacun doit se pr\u00e9occuper de sa propre s\u00e9curit\u00e9 et de celle des autres (coll\u00e8gues, agents d\u2019entreprises ext\u00e9rieures, \u00e9tudiants).<br \/>\nChacun doit s\u2019informer des bonnes pratiques de travail, des dispositions \u00e0 prendre en cas d\u2019accident ou de sinistre et \u00eatre conscient des responsabilit\u00e9s engag\u00e9es.<\/p>\n<p>Pour vous conseiller et vous assister dans vos d\u00e9marches de mise en \u0153uvre des consignes et r\u00e8gles de s\u00e9curit\u00e9 le laboratoire dispose de quatre assistants de pr\u00e9vention.\u00a0 Un r\u00e9f\u00e9rent en place sur chaque site et deux assistants de pr\u00e9vention sur des risques sp\u00e9cifiques li\u00e9s aux activit\u00e9s analytique et exp\u00e9rimentale sur l&rsquo;ensemble du laboratoire.<br \/>\nVous pouvez les consulter si vous avez des questions concernant la r\u00e9glementation sur l&rsquo;hygi\u00e8ne et la s\u00e9curit\u00e9, les dispositions du r\u00e8glement int\u00e9rieur, les risques particuliers rencontr\u00e9s dans l&rsquo;unit\u00e9 et les bonnes pratiques pour les pr\u00e9venir.<\/p>\n<ul>\n<li><strong><a href=\"mailto:corentin.souton@univ-lyon1.fr\">Corentin Souton<\/a><\/strong><\/li>\n<\/ul>\n<p style=\"padding-left: 60px;\"><em>R\u00e9f\u00e9rent campus de la Doua<\/em><\/p>\n<ul>\n<li><strong><a href=\"mailto:arnauld.vincon-laugier@univ-lyon1.fr\">Arnauld Vin\u00e7on-Laugier<\/a><\/strong><\/li>\n<\/ul>\n<p style=\"padding-left: 60px;\"><em>R\u00e9f\u00e9rent campus de la Doua<\/em><br \/>\nT\u00e9l. +33 4 72 4<strong>4 81 53<\/strong><\/p>\n<ul>\n<li><a href=\"mailto:Emmanuelle.Albalat@ens-lyon.fr\"><strong>Emmanuelle Albalat<\/strong><\/a><\/li>\n<\/ul>\n<p style=\"padding-left: 60px;\"><em>Risques laboratoires de chimie inorganique<\/em><br \/>\nT\u00e9l. +33 4 72 72 <strong>84 05<\/strong><\/p>\n<ul>\n<li><a href=\"mailto:herve.cardon@ens-lyon.fr\"><strong>Herv\u00e9 Cardon<\/strong><\/a><\/li>\n<\/ul>\n<p style=\"padding-left: 60px;\"><em>Risques laboratoires de physique, r\u00e9f\u00e9rent laser<\/em><br \/>\nT\u00e9l. +33 4 72 72<strong> 84 07<\/strong><\/p>\n<ul>\n<li><a href=\"mailto:salome.ansanay-alex@ens-lyon.fr\"><strong>Salom\u00e9 Ansanay-Alex<\/strong><\/a><\/li>\n<\/ul>\n<p style=\"padding-left: 60px;\"><em>Risques laboratoire chimie organique<\/em><br \/>\nT\u00e9l. +33 4 72 72<strong> 86 97<\/strong><\/p>\n<ul>\n<li><a href=\"mailto:june.chevet@univ-st-etienne.fr\"><strong>June Chevet<\/strong><\/a><\/li>\n<\/ul>\n<p style=\"padding-left: 60px;\"><em>R\u00e9f\u00e9rent site M\u00e9tare (universit\u00e9 de Saint-Etienne)<\/em><br \/>\nT\u00e9l. +33 4 77 48<strong> 15 64<\/strong><\/p>\n<p style=\"text-align: justify;\">Voir l&rsquo;<a href=\"http:\/\/www.dgdr.cnrs.fr\/cnps\/textes\/doc\/INS122942DAJ_sant%C3%A9_s%C3%A9curit%C3%A9_travail.pdf\" target=\"_blank\" rel=\"noopener noreferrer\">instruction n\u00b0122942DAJ<\/a> du 1<sup>er<\/sup> d\u00e9cembre 2012 relative \u00e0 la sant\u00e9 et \u00e0 la s\u00e9curit\u00e9 au travail au Centre national de la recherche scientifique.<\/p>\n","protected":false},"excerpt":{"rendered":"<p>La s\u00e9curit\u00e9 est l\u2019affaire de tous. Chacun doit se pr\u00e9occuper de sa propre s\u00e9curit\u00e9 et de celle des autres (coll\u00e8gues, agents d\u2019entreprises ext\u00e9rieures, \u00e9tudiants). Chacun doit s\u2019informer des bonnes pratiques de travail, des dispositions \u00e0 prendre en cas d\u2019accident ou &hellip; <a href=\"https:\/\/codex.geologie-lyon.fr\/?page_id=281\">Continuer la lecture <span class=\"meta-nav\">&rarr;<\/span><\/a><\/p>\n","protected":false},"author":1,"featured_media":0,"parent":0,"menu_order":0,"comment_status":"closed","ping_status":"open","template":"","meta":[],"categories":[10],"_links":{"self":[{"href":"https:\/\/codex.geologie-lyon.fr\/index.php?rest_route=\/wp\/v2\/pages\/281"}],"collection":[{"href":"https:\/\/codex.geologie-lyon.fr\/index.php?rest_route=\/wp\/v2\/pages"}],"about":[{"href":"https:\/\/codex.geologie-lyon.fr\/index.php?rest_route=\/wp\/v2\/types\/page"}],"author":[{"embeddable":true,"href":"https:\/\/codex.geologie-lyon.fr\/index.php?rest_route=\/wp\/v2\/users\/1"}],"replies":[{"embeddable":true,"href":"https:\/\/codex.geologie-lyon.fr\/index.php?rest_route=%2Fwp%2Fv2%2Fcomments&post=281"}],"version-history":[{"count":15,"href":"https:\/\/codex.geologie-lyon.fr\/index.php?rest_route=\/wp\/v2\/pages\/281\/revisions"}],"predecessor-version":[{"id":553,"href":"https:\/\/codex.geologie-lyon.fr\/index.php?rest_route=\/wp\/v2\/pages\/281\/revisions\/553"}],"wp:attachment":[{"href":"https:\/\/codex.geologie-lyon.fr\/index.php?rest_route=%2Fwp%2Fv2%2Fmedia&parent=281"}],"wp:term":[{"taxonomy":"category","embeddable":true,"href":"https:\/\/codex.geologie-lyon.fr\/index.php?rest_route=%2Fwp%2Fv2%2Fcategories&post=281"}],"curies":[{"name":"wp","href":"https:\/\/api.w.org\/{rel}","templated":true}]}}