{"id":418,"date":"2019-06-07T13:25:22","date_gmt":"2019-06-07T12:25:22","guid":{"rendered":"http:\/\/codex.geologie-lyon.fr\/?page_id=418"},"modified":"2022-05-13T13:58:03","modified_gmt":"2022-05-13T12:58:03","slug":"preparation-mineralo","status":"publish","type":"page","link":"https:\/\/codex.geologie-lyon.fr\/?page_id=418","title":{"rendered":"C1 &#8211; Pr\u00e9paration \u00e9chantillons"},"content":{"rendered":"\r\n<h1>Salle C1 \u2013 ENS de Lyon, campus Monod, b\u00e2timent M8<\/h1>\r\n\r\n\r\n\r\n<h1>Responsables : H. Cardon, G. Montagnac<\/h1>\r\n\r\n\r\n\r\n<p><!--more--><\/p>\r\n\r\n\r\n\r\n<h1>Consignes g\u00e9n\u00e9rales<\/h1>\r\n\r\n\r\n\r\n<p>Afin que chacun puisse travailler dans les meilleures conditions, un certain nombre de consignes de propret\u00e9 et de s\u00e9curit\u00e9 devront \u00eatre strictement respect\u00e9es :<\/p>\r\n\r\n\r\n\r\n<ul>\r\n<li>Ne pas manger, ne pas boire et ne pas fumer;<\/li>\r\n<li>Manipuler sur un plan de travail propre et d\u00e9gag\u00e9;<\/li>\r\n<li>Nettoyer correctement le mat\u00e9riel apr\u00e8s manipulation et le ranger;<\/li>\r\n<li>Respecter le rangement des produits et du mat\u00e9riel;<\/li>\r\n<li>Si du mat\u00e9riel ou des produits sont manquants, demander aux personnes responsables;<\/li>\r\n<li>Laisser le poste de travail propre;<\/li>\r\n<li>Ne pas accumuler de verrerie sale dans l&rsquo;\u00e9vier;<\/li>\r\n<li>Utilisez les r\u00e9cipients sp\u00e9ciaux mis \u00e0 votre disposition pour l\u2019\u00e9limination des d\u00e9chets, solvants et autres produits chimiques ou pr\u00e9venir le responsable;<\/li>\r\n<li>Aucun \u00e9chantillon ne doit \u00eatre entrepos\u00e9 inutilement dans la salle. Dans le cas contraire, tous les \u00e9chantillons doivent \u00eatre identifi\u00e9s (nom, date, contenu, dangerosit\u00e9 \u00e9ventuelle du produit) et ne resteront que temporairement dans le labo;<\/li>\r\n<li>Aucun mat\u00e9riel \u00e9tranger \u00e0 la salle ne doit rester sur les paillasses;<\/li>\r\n<li>Ne pas utiliser un \u00e9quipement (scies, polisseuse,m\u00e9talliseur, sorbonne\u2026) sans conna\u00eetre son fonctionnement et les r\u00e8gles de s\u00e9curit\u00e9 aff\u00e9rentes. Ne pas h\u00e9siter \u00e0 demander et consulter les manuels d&rsquo;instruction en cas de doute;<\/li>\r\n<li>Ne pas entreprendre de manipulations dangereuses en dehors des heures normales de travail (notamment la nuit et les jours f\u00e9ri\u00e9s);<\/li>\r\n<li>Avertir vos coll\u00e8gues de travail lors de la mise en route d\u2019une manipulation dangereuse;<\/li>\r\n<li>Veiller \u00e0 la fermeture de la salle en dehors des heures normales de travail;<\/li>\r\n<\/ul>\r\n\r\n\r\n\n","protected":false},"excerpt":{"rendered":"<p>Salle C1 \u2013 ENS de Lyon, campus Monod, b\u00e2timent M8 Responsables : H. Cardon, G. Montagnac<\/p>\n","protected":false},"author":6,"featured_media":0,"parent":53,"menu_order":0,"comment_status":"closed","ping_status":"closed","template":"","meta":[],"categories":[8,1],"_links":{"self":[{"href":"https:\/\/codex.geologie-lyon.fr\/index.php?rest_route=\/wp\/v2\/pages\/418"}],"collection":[{"href":"https:\/\/codex.geologie-lyon.fr\/index.php?rest_route=\/wp\/v2\/pages"}],"about":[{"href":"https:\/\/codex.geologie-lyon.fr\/index.php?rest_route=\/wp\/v2\/types\/page"}],"author":[{"embeddable":true,"href":"https:\/\/codex.geologie-lyon.fr\/index.php?rest_route=\/wp\/v2\/users\/6"}],"replies":[{"embeddable":true,"href":"https:\/\/codex.geologie-lyon.fr\/index.php?rest_route=%2Fwp%2Fv2%2Fcomments&post=418"}],"version-history":[{"count":4,"href":"https:\/\/codex.geologie-lyon.fr\/index.php?rest_route=\/wp\/v2\/pages\/418\/revisions"}],"predecessor-version":[{"id":513,"href":"https:\/\/codex.geologie-lyon.fr\/index.php?rest_route=\/wp\/v2\/pages\/418\/revisions\/513"}],"up":[{"embeddable":true,"href":"https:\/\/codex.geologie-lyon.fr\/index.php?rest_route=\/wp\/v2\/pages\/53"}],"wp:attachment":[{"href":"https:\/\/codex.geologie-lyon.fr\/index.php?rest_route=%2Fwp%2Fv2%2Fmedia&parent=418"}],"wp:term":[{"taxonomy":"category","embeddable":true,"href":"https:\/\/codex.geologie-lyon.fr\/index.php?rest_route=%2Fwp%2Fv2%2Fcategories&post=418"}],"curies":[{"name":"wp","href":"https:\/\/api.w.org\/{rel}","templated":true}]}}