{"id":482,"date":"2021-09-30T17:21:40","date_gmt":"2021-09-30T16:21:40","guid":{"rendered":"http:\/\/codex.geologie-lyon.fr\/?page_id=482"},"modified":"2021-09-30T17:40:57","modified_gmt":"2021-09-30T16:40:57","slug":"medecine-de-prevention","status":"publish","type":"page","link":"https:\/\/codex.geologie-lyon.fr\/?page_id=482","title":{"rendered":"M\u00e9decine de pr\u00e9vention"},"content":{"rendered":"\n<p style=\"text-align: center;\"><span style=\"font-size: large; font-family: arial black,avant garde; color: #2b7fc7;\">ENS de Lyon<\/span><\/p>\n<h1>Infirmerie Site Monod<\/h1>\n<p>all\u00e9e d&rsquo;Italie, pr\u00e8s de la fontaine, en face de l&rsquo;entr\u00e9e du Crous.<br \/>\nDu lundi au vendredi de 7h45 \u00e0 16h30<\/p>\n<dl>\n<dt><strong>M\u00e9decin du travail<\/strong><\/dt>\n<dd>\u00a0\u00a0Dr Marie-Christine L<span style=\"font-size: smaller;\">E<\/span> D<span style=\"font-size: smaller;\">OZE<\/span><\/dd>\n<dt><strong>Infirmi\u00e8re<\/strong><\/dt>\n<dd>\u00a0\u00a0Myriam G<span style=\"font-size: smaller;\">RATALOUP<\/span><br \/>\nservice.medical@ens-lyon.fr<\/dd>\n<dt><strong>Secr\u00e9tariat m\u00e9dical<\/strong><\/dt>\n<dd>\u00a0\u00a0T\u00e9l. 04 72 72 88 13<br \/>\nsecretariat.medical@ens-lyon.fr<\/dd>\n<\/dl>\n<p><\/p>\n<p style=\"text-align: center;\"><span style=\"font-size: large; font-family: arial black,avant garde; color: #2b7fc7;\">Universit\u00e9 Lyon 1<br \/>\n<\/span><\/p>\n<h1>Infirmerie Dirac<\/h1>\n<p>B\u00e2t. Paul Dirac &#8211; 6 rue Enrico Fermi<br \/>\nDu lundi au vendredi de 8h00 \u00e0 16h00 (avec pause m\u00e9ridienne)<\/p>\n<dl>\n<dt><strong>M\u00e9decin du travail<\/strong><\/dt>\n<dd>\u00a0\u00a0T\u00e9l. 04 72 44 82 11<\/dd>\n<dt><strong>Infirmi\u00e8re<\/strong><\/dt>\n<dd>\u00a0\u00a0R\u00e9gine M<span style=\"font-size: smaller;\">USTARDA<\/span><br \/>\nT\u00e9l. 04 72 44 82 55<\/dd>\n<dt><strong>Secr\u00e9tariat m\u00e9dical<\/strong><\/dt>\n<dd>\u00a0\u00a0Eve G<span style=\"font-size: smaller;\">ENTILI<\/span><br \/>\nT\u00e9l. 04 72 43 12 01<br \/>\nservice.medical-doua@univ-lyon1.fr<\/dd>\n<\/dl>\n<p><\/p>\n<p style=\"text-align: center;\"><span style=\"font-size: large; font-family: arial black,avant garde; color: #2b7fc7;\">Universit\u00e9 Jean Monnet<br \/>\n<\/span><\/p>\n<h1>Infirmerie<\/h1>\n<dl>\n<dt><strong>M\u00e9decin du travail<\/strong><\/dt>\n<dd>\u00a0\u00a0Dr Brigitte P<span style=\"font-size: smaller;\">OIZAT<\/span><br \/>\nT\u00e9l. 04 69 66 11 04<\/dd>\n<dt><strong>Infirmier<\/strong><\/dt>\n<dd><\/dd>\n<dt><strong>Secr\u00e9tariat m\u00e9dical<\/strong><\/dt>\n<dd><\/dd>\n<\/dl>\n<p><\/p>\n<p style=\"text-align: center;\"><span style=\"font-size: large; font-family: arial black,avant garde; color: #2b7fc7;\">CNRS<br \/>\n<\/span><\/p>\n<h1>Infirmerie<\/h1>\n<p>B\u00e2timent m\u00e9dico-social<\/p>\n<dl>\n<dt><strong>M\u00e9decin du travail<\/strong><\/dt>\n<dd>\u00a0\u00a0Dr Karyne C<span style=\"font-size: smaller;\">HABERT<\/span><br \/>\nT\u00e9l. 04 72 44 82 11<\/dd>\n<dt><strong>Infirmi\u00e8re<\/strong><\/dt>\n<dd>\u00a0\u00a0Claire-Fran\u00e7oise V<span style=\"font-size: smaller;\">ERRIES<\/span><br \/>\nT\u00e9l. 04 72 44 56 03<br \/>\nDR07.infirmiers@cnrs.fr<\/dd>\n<dt><strong>Secr\u00e9tariat m\u00e9dical<\/strong><\/dt>\n<dd>\u200b\u00a0\u00a0Peggy B<span style=\"font-size: smaller;\">ARRIER<\/span><br \/>\nT\u00e9l. 04 72 69 26 76<\/dd>\n<\/dl>\n<p>&nbsp;<\/p>\n<hr \/>\n<h1>CONSEILS ET INFORMATIONS<\/h1>\n<ul class=\"ul-addw2p ul-addw2p-thewidg\">\n<li id=\"category-posts-2\" class=\"addw2p cat-post-widget\">Conseils et informations<ul id=\"category-posts-2-internal\" class=\"category-posts-internal\">\n<li class='cat-post-item'><div><a class=\"cat-post-title\" href=\"https:\/\/codex.geologie-lyon.fr\/?p=465\" rel=\"bookmark\">COVID-19 Cadre sanitaire<\/a><\/div><\/li><li class='cat-post-item'><div><a class=\"cat-post-title\" href=\"https:\/\/codex.geologie-lyon.fr\/?p=358\" rel=\"bookmark\">Droit d&rsquo;alerte et de retrait face \u00e0 un danger grave et imminent<\/a><\/div><\/li><li class='cat-post-item'><div><a class=\"cat-post-title\" href=\"https:\/\/codex.geologie-lyon.fr\/?p=340\" rel=\"bookmark\">Manipulation des fluides cryog\u00e9niques<\/a><\/div><\/li><li class='cat-post-item'><div><a class=\"cat-post-title\" href=\"https:\/\/codex.geologie-lyon.fr\/?p=228\" rel=\"bookmark\">Travail hors heures ouvrables<\/a><\/div><\/li><li class='cat-post-item'><div><a class=\"cat-post-title\" href=\"https:\/\/codex.geologie-lyon.fr\/?p=201\" rel=\"bookmark\">Stockage, manutention et utilisation des bouteilles de gaz comprim\u00e9s<\/a><\/div><\/li><\/ul>\n<\/li><\/ul>\n\n","protected":false},"excerpt":{"rendered":"<p>CNRS Infirmerie B\u00e2timent m\u00e9dico-social M\u00e9decin du travail \u00a0\u00a0Dr Karyne CHABERT T\u00e9l. 04 72 44 82 11 Infirmi\u00e8re \u00a0\u00a0Claire-Fran\u00e7oise VERRIES T\u00e9l. 04 72 44 56 03 DR07.infirmiers@cnrs.fr Secr\u00e9tariat m\u00e9dical \u200b\u00a0\u00a0Peggy BARRIER T\u00e9l. 04 72 69 26 76 &nbsp; CONSEILS ET INFORMATIONS<\/p>\n","protected":false},"author":6,"featured_media":0,"parent":0,"menu_order":0,"comment_status":"closed","ping_status":"closed","template":"","meta":[],"categories":[16,10],"_links":{"self":[{"href":"https:\/\/codex.geologie-lyon.fr\/index.php?rest_route=\/wp\/v2\/pages\/482"}],"collection":[{"href":"https:\/\/codex.geologie-lyon.fr\/index.php?rest_route=\/wp\/v2\/pages"}],"about":[{"href":"https:\/\/codex.geologie-lyon.fr\/index.php?rest_route=\/wp\/v2\/types\/page"}],"author":[{"embeddable":true,"href":"https:\/\/codex.geologie-lyon.fr\/index.php?rest_route=\/wp\/v2\/users\/6"}],"replies":[{"embeddable":true,"href":"https:\/\/codex.geologie-lyon.fr\/index.php?rest_route=%2Fwp%2Fv2%2Fcomments&post=482"}],"version-history":[{"count":4,"href":"https:\/\/codex.geologie-lyon.fr\/index.php?rest_route=\/wp\/v2\/pages\/482\/revisions"}],"predecessor-version":[{"id":490,"href":"https:\/\/codex.geologie-lyon.fr\/index.php?rest_route=\/wp\/v2\/pages\/482\/revisions\/490"}],"wp:attachment":[{"href":"https:\/\/codex.geologie-lyon.fr\/index.php?rest_route=%2Fwp%2Fv2%2Fmedia&parent=482"}],"wp:term":[{"taxonomy":"category","embeddable":true,"href":"https:\/\/codex.geologie-lyon.fr\/index.php?rest_route=%2Fwp%2Fv2%2Fcategories&post=482"}],"curies":[{"name":"wp","href":"https:\/\/api.w.org\/{rel}","templated":true}]}}