{"id":53,"date":"2012-03-06T13:50:04","date_gmt":"2012-03-06T12:50:04","guid":{"rendered":"http:\/\/codex.geologie-lyon.fr\/?page_id=53"},"modified":"2022-05-13T14:39:48","modified_gmt":"2022-05-13T13:39:48","slug":"physique","status":"publish","type":"page","link":"https:\/\/codex.geologie-lyon.fr\/?page_id=53","title":{"rendered":"Physique"},"content":{"rendered":"<p style=\"text-align: justify;\">Les diff\u00e9rentes salles ont des fonctions bien diff\u00e9renci\u00e9es et identifi\u00e9es avec des risques associ\u00e9s diff\u00e9rents dont le d\u00e9tail est donn\u00e9 sur les pages d\u00e9di\u00e9es:<\/p>\n<p><strong><a title=\"Spectroscopie Raman\" href=\"http:\/\/codex.geologie-lyon.fr\/?page_id=18\">M4 &#8211; Plateforme de spectroscopie Raman (ENS de Lyon, campus Monod, M8, N1)<\/a><\/strong> : salle regroupant les moyens analytiques de spectroscopie Raman d\u00e9di\u00e9s aux analyses <em>in situ<\/em> sous pression et temp\u00e9rature.<\/p>\n<p><strong><a title=\"Spectroscopie Raman\" href=\"http:\/\/codex.geologie-lyon.fr\/?page_id=514\">M4bis &#8211; Plateforme de spectroscopie Raman (ENS de Lyon, campus Monod, M8, N1)<\/a><\/strong> : salle regroupant les moyens analytiques de spectroscopie Raman d\u00e9di\u00e9s \u00e0 l&rsquo;imagerie.<\/p>\n<p style=\"text-align: justify;\"><strong><a title=\"Pr\u00e9paration haute pression\" href=\"http:\/\/codex.geologie-lyon.fr\/?page_id=2\">M1 &#8211; Laboratoire de pr\u00e9paration HP (ENS de Lyon, campus Monod, M8, N1)<\/a><\/strong>: salle essentiellement d\u00e9di\u00e9e \u00e0 la pr\u00e9paration des exp\u00e9riences en cellules \u00e0 enclumes de diamant (CED).<\/p>\n<p><strong><a title=\"Pr\u00e9paration haute pression\" href=\"http:\/\/codex.geologie-lyon.fr\/?page_id=508\">M2 &#8211; Atelier de pr\u00e9paration HP (ENS de Lyon, campus Monod, M8, N1)<\/a><\/strong>: atelier de d\u00e9veloppement des \u00e9quipements sous pression.<\/p>\n<p><strong><a title=\"Pr\u00e9paration haute pression\" href=\"http:\/\/codex.geologie-lyon.fr\/?page_id=519\">M3 &#8211; Banc laser (ENS de Lyon, campus Monod, M8, N1)<\/a><\/strong>: banc de montage d\u2019exp\u00e9riences optiques.<\/p>\n<p style=\"text-align: justify;\"><strong><a title=\"Chauffage Laser\" href=\"http:\/\/codex.geologie-lyon.fr\/?page_id=418\">C1 &#8211; Salle de pr\u00e9paration \u00e9chantillons (ENS de Lyon, campus Monod, M8, N1)<\/a><\/strong>: microscopie optique, petite d\u00e9coupe de min\u00e9raux, polissage et pr\u00e9paration pour microscopie \u00e9lectronique.<\/p>\n<p style=\"text-align: justify;\"><a href=\"http:\/\/codex.geologie-lyon.fr\/?page_id=266\"><strong>Laboratoire conditions hydrothermales (UCBL, campus Doua, G\u00e9ode, R3)<\/strong><\/a> : salle essentiellement d\u00e9di\u00e9e \u00e0 des exp\u00e9riences en autoclaves et chromatographie en phase gazeuse.<\/p>\n<p><a href=\"http:\/\/codex.geologie-lyon.fr\/?page_id=450\"><strong>Laboratoire HP (UCBL, campus Doua, G\u00e9ode, R3)<\/strong><\/a> : triplex essentiellement d\u00e9di\u00e9 \u00e0 la pr\u00e9paration des exp\u00e9riences HP en gros volumes, \u00e0 l&rsquo;exp\u00e9rimentation en incubateurs sous pression et au broyage, sciage et polissage des min\u00e9raux.<\/p>\n<p><strong><a href=\"http:\/\/codex.geologie-lyon.fr\/?page_id=274\">Salle de spectroscopie raman (UCBL, campus Doua, G\u00e9ode, R3)<\/a><\/strong> : salle regroupant des moyens de spectroscopie Raman et optique.<\/p>\n<h2 style=\"text-align: justify;\">FONCTIONNEMENT G\u00c9N\u00c9RAL<\/h2>\n<p style=\"text-align: justify;\"><strong>R\u00e8gles de travail g\u00e9n\u00e9rales<\/strong><\/p>\n<ul style=\"text-align: justify;\">\n<li>Pour rentrer et travailler dans ces salles vous devez porter des chaussures ferm\u00e9es (tongs et nu-pieds interdits).<\/li>\n<li>Utilisez les \u00e9quipements de protections individuels mis \u00e0 votre disposition (gants, lunettes, bouchons d&rsquo;oreille&#8230;).<\/li>\n<li>Ne pas manger, ne pas boire et ne pas fumer;<\/li>\n<\/ul>\n<p style=\"text-align: justify;\">En dehors des heures normales de travail, votre pr\u00e9sence doit rester ponctuelle et dans la mesure du possible consacr\u00e9e \u00e0 des t\u00e2ches ne pr\u00e9sentant pas de risques . Si possible, faites vous accompagner par une autre personne du laboratoire pour ne pas \u00eatre seul.<\/p>\n<p style=\"text-align: justify;\"><strong>Consultez les <a href=\"http:\/\/codex.geologie-lyon.fr\/?p=228\">consignes de travail hors heures ouvrables<\/a><\/strong><\/p>\n<ul style=\"text-align: justify;\">\n<li>En cas de probl\u00e8mes mat\u00e9riel ou personnel, contactez un responsable de la salle.<\/li>\n<li>En cas de coupure \u00e9lectrique courte, v\u00e9rifier le bon red\u00e9marrage des diff\u00e9rents appareils sous tension lors de l&rsquo;incident.<\/li>\n<\/ul>\n<p style=\"text-align: justify;\"><strong>R\u00e8gles de bon sens<\/strong><\/p>\n<ul style=\"text-align: justify;\">\n<li>Manipuler sur un plan de travail propre et d\u00e9gag\u00e9;<\/li>\n<li>Respectez l\u2019espace de travail des voisins.<\/li>\n<li>Nettoyer correctement le mat\u00e9riel apr\u00e8s manipulation et le ranger;<\/li>\n<li>Laisser le poste de travail propre;<\/li>\n<li>Respecter le rangement des produits et du mat\u00e9riel;<\/li>\n<li>Si du mat\u00e9riel ou des produits sont manquants, demander aux personnes responsables;<\/li>\n<li>Ne pas utiliser un \u00e9quipement sans en conna\u00eetre son fonctionnement et les r\u00e8gles de s\u00e9curit\u00e9 aff\u00e9rentes. Ne pas h\u00e9siter \u00e0 demander et consulter les manuels d\u2019instruction en cas de doute;<\/li>\n<li>Avertir vos coll\u00e8gues de travail lors de la mise en route d\u2019une manipulation dangereuse;<\/li>\n<\/ul>\n<p style=\"text-align: justify;\">Si vous ne savez pas, demandez. Si vous avez des id\u00e9es, sugg\u00e9rez-les. Si vous voyez quelqu\u2019un \u00e0 c\u00f4t\u00e9 de vous faire une manipulation qui vous semble repr\u00e9senter un probl\u00e8me de s\u00e9curit\u00e9, signalez-le lui. Si ce probl\u00e8me n\u2019est pas corrig\u00e9, parlez-en au responsable de la salle. Le laboratoire n\u2019est pas fliqu\u00e9 mais les probl\u00e8mes non signal\u00e9s engagent la s\u00e9curit\u00e9 de tous.<\/p>\n<p style=\"text-align: justify;\">Si vous ne comprenez pas la raison d\u2019une consigne, r\u00e9fl\u00e9chissez ou renseignez-vous aupr\u00e8s des personnes comp\u00e9tentes. Il y a probablement une bonne raison \u00e0 ces contraintes.<\/p>\n<p style=\"text-align: justify;\"><ul class=\"ul-addw2p ul-addw2p-HP\">\n<li id=\"linkcat-9\" class=\"addw2p widget_links\">Liens haute pression\n\t<ul class='xoxo blogroll'>\n<li><a href=\"http:\/\/conditions-extremes.geologie-lyon.fr\" title=\"Le site web des conditions extr\u00eames et de la spectroscopie vibrationnelle au LGL\" target=\"_blank\">Conditions extr\u00eames<\/a><\/li>\n<li><a href=\"http:\/\/http:\/\/www-lpmcn.univ-lyon1.fr\/plece\/\" title=\"Plateforme lyonnaise d&rsquo;\u00e9laboration en conditions extr\u00eames\">PLECE<\/a><\/li>\n\n\t<\/ul>\n<\/li>\n<\/ul>\n<\/p>\n<p style=\"text-align: justify;\"><DIV class=\"entry-meta\">Voir tous les articles class\u00e9s dans <A HREF=\"https:\/\/codex.geologie-lyon.fr\/?cat=1\">Physique<\/A><\/DIV><\/p>\n","protected":false},"excerpt":{"rendered":"<p>Les diff\u00e9rentes salles ont des fonctions bien diff\u00e9renci\u00e9es et identifi\u00e9es avec des risques associ\u00e9s diff\u00e9rents dont le d\u00e9tail est donn\u00e9 sur les pages d\u00e9di\u00e9es: M4 &#8211; Plateforme de spectroscopie Raman (ENS de Lyon, campus Monod, M8, N1) : salle regroupant &hellip; <a href=\"https:\/\/codex.geologie-lyon.fr\/?page_id=53\">Continuer la lecture <span class=\"meta-nav\">&rarr;<\/span><\/a><\/p>\n","protected":false},"author":3,"featured_media":0,"parent":0,"menu_order":0,"comment_status":"closed","ping_status":"closed","template":"","meta":[],"categories":[1],"_links":{"self":[{"href":"https:\/\/codex.geologie-lyon.fr\/index.php?rest_route=\/wp\/v2\/pages\/53"}],"collection":[{"href":"https:\/\/codex.geologie-lyon.fr\/index.php?rest_route=\/wp\/v2\/pages"}],"about":[{"href":"https:\/\/codex.geologie-lyon.fr\/index.php?rest_route=\/wp\/v2\/types\/page"}],"author":[{"embeddable":true,"href":"https:\/\/codex.geologie-lyon.fr\/index.php?rest_route=\/wp\/v2\/users\/3"}],"replies":[{"embeddable":true,"href":"https:\/\/codex.geologie-lyon.fr\/index.php?rest_route=%2Fwp%2Fv2%2Fcomments&post=53"}],"version-history":[{"count":33,"href":"https:\/\/codex.geologie-lyon.fr\/index.php?rest_route=\/wp\/v2\/pages\/53\/revisions"}],"predecessor-version":[{"id":524,"href":"https:\/\/codex.geologie-lyon.fr\/index.php?rest_route=\/wp\/v2\/pages\/53\/revisions\/524"}],"wp:attachment":[{"href":"https:\/\/codex.geologie-lyon.fr\/index.php?rest_route=%2Fwp%2Fv2%2Fmedia&parent=53"}],"wp:term":[{"taxonomy":"category","embeddable":true,"href":"https:\/\/codex.geologie-lyon.fr\/index.php?rest_route=%2Fwp%2Fv2%2Fcategories&post=53"}],"curies":[{"name":"wp","href":"https:\/\/api.w.org\/{rel}","templated":true}]}}