{"id":75,"date":"2012-03-06T14:06:46","date_gmt":"2012-03-06T13:06:46","guid":{"rendered":"http:\/\/codex.geologie-lyon.fr\/?page_id=75"},"modified":"2023-11-30T16:27:17","modified_gmt":"2023-11-30T15:27:17","slug":"salle-blanche","status":"publish","type":"page","link":"https:\/\/codex.geologie-lyon.fr\/?page_id=75","title":{"rendered":"Salle blanche"},"content":{"rendered":"<h1 style=\"text-align: left;\">Salle M8 001 \u2013 ENS de Lyon, campus Monod<\/h1>\n<h1 style=\"text-align: left;\">Responsables : Emmanuelle Albalat, Aline Lamboux<\/h1>\n<h1>Postes : 8405, 8565<\/h1>\n<p style=\"text-align: left;\" align=\"center\"><!--more--><\/p>\n<p style=\"text-align: left;\" align=\"center\"><strong>REGLES D\u2019UTILISATION DES LABORATOIRES DE GEOCHIMIE<\/strong><\/p>\n<h6 style=\"text-align: left;\" align=\"center\"><em>Ce document est sign\u00e9 par tout \u00e9tudiant ou stagiaire et son responsable utilisant <\/em><\/h6>\n<h6 style=\"text-align: left;\" align=\"center\"><em>les salles de g\u00e9ochimie du laboratoire<\/em><\/h6>\n<ul>\n<li>Salle Blanche<\/li>\n<li>Salle des spectros comprenant les deux salles de pr\u00e9parations d\u2019\u00e9chantillons<\/li>\n<li>Stockage g\u00e9ochimie<\/li>\n<\/ul>\n<p style=\"text-align: left;\"><strong>G\u00e9n\u00e9ral<\/strong><\/p>\n<ul>\n<li>Pour rentrer et travailler dans la salle blanche vous devez porter une blouse, une charlotte, des lunettes de s\u00e9curit\u00e9, des gants, et des chaussures ferm\u00e9es sur le devant, sabots ou chaussons de protection sur chaussures ferm\u00e9es (tongs et nu-pieds interdits).<\/li>\n<\/ul>\n<ul>\n<li>V\u00e9rifiez que vous connaissez bien l&#8217;emplacement des produits de s\u00e9curit\u00e9: lave \u0153il, pommade sp\u00e9cifique contre le contact avec l&rsquo;HF, douche de s\u00e9curit\u00e9, fiche de s\u00e9curit\u00e9 des produits chimiques et num\u00e9ro de t\u00e9l\u00e9phone en cas d\u2019incident. Un classeur contenant les fiches de s\u00e9curit\u00e9 des produits chimiques et les contacts utiles se trouve sur le frigo dans l\u2019entr\u00e9e de la salle blanche.<\/li>\n<\/ul>\n<ul>\n<li>En cas de coupure \u00e9lectrique prolong\u00e9e de la salle blanche (lumi\u00e8re, hottes aspirantes et surpression),\u00a0 vous avez 5 minutes pour s\u00e9curiser vos exp\u00e9riences (fermeture des b\u00e9chers, extinction des plaques) et sortir de la salle.<\/li>\n<\/ul>\n<p style=\"text-align: left;\"><strong>Travail hors des heures ouvrables<\/strong><\/p>\n<ul>\n<li>Comme le stipule la note OF\/MBP\/10146 dat\u00e9e du 18 octobre 2010 de la direction de l\u2019ENS les heures d\u2019ouverture administrative sont de 7h30 \u00e0 19h30 du lundi au vendredi. L\u2019Ecole fait en outre conna\u00eetre des jours de fermeture officielle, notamment pendant les p\u00e9riodes de vacances. En dehors de ces cr\u00e9neaux horaires (permettant de conduire l\u2019essentiel des exp\u00e9rimentations \u2026 ), votre pr\u00e9sence doit rester ponctuelle et dans la mesure du possible consacr\u00e9e \u00e0 des taches ne pr\u00e9sentant pas de risques (r\u00e9daction, calcul, recherches bibliographiques, rangement, fermeture de b\u00e9chers \u2026).<\/li>\n<\/ul>\n<p style=\"text-align: left;\">Dans la mesure du possible \u00e9galement, faites vous accompagner ou assurez vous de la pr\u00e9sence d\u2019une autre personne dans le laboratoire.<\/p>\n<ul>\n<li><strong>Si vous travaillez en dehors de ces cr\u00e9neaux horaires,\u00a0 que vous soyez accompagn\u00e9 ou non, signalez <span style=\"text-decoration: underline;\">obligatoirement <\/span>votre pr\u00e9sence \u00e0 l\u2019accueil de l\u2019\u00e9cole <\/strong>(faites le 9 depuis un poste \u00e0 l\u2019\u00e9cole) \u00e0 votre arriv\u00e9e et \u00e0 votre d\u00e9part en pr\u00e9cisant votre lieu de travail.<\/li>\n<\/ul>\n<ul>\n<li>Si vous \u00eates seul prenez avec vous dans la salle blanche le PTI (Protection\u00a0 du Travailleur Isol\u00e9) qui permettra \u00e0 la s\u00e9curit\u00e9 de l\u2019\u00e9cole de pouvoir intervenir rapidement en cas de probl\u00e8me.<\/li>\n<\/ul>\n<p style=\"text-align: left;\"><strong>Manipulation d\u2019acides<\/strong><\/p>\n<ul>\n<li>Quand vous manipulez des acides concentr\u00e9s et m\u00eame des acides dangereux \u00e0 faible concentration (HF et acide oxalique), <strong>mettez des gants et des lunettes de protection<\/strong>. Un de nos coll\u00e8gues tr\u00e8s exp\u00e9riment\u00e9 a perdu un \u0153il pour avoir n\u00e9glig\u00e9 cette r\u00e8gle. Un gant peut \u00eatre trou\u00e9 par les ongles ou simplement d\u00e9fectueux. La superposition de deux paires de gants r\u00e9duit votre agilit\u00e9 manuelle et augmente le risque d\u2019accident. Lavez-vous les mains tr\u00e8s r\u00e9guli\u00e8rement et dans tous les cas, rincez-vous les mains en sortant.<\/li>\n<\/ul>\n<ul>\n<li><strong><span style=\"text-decoration: underline;\">L&rsquo;acide fluorhydrique<\/span><\/strong> <strong>est un acide faible. Il est pourtant particuli\u00e8rement dangereux et ses attaques sont longues et douloureuses. Il est particuli\u00e8rement sournois car il ne \u2018pique\u2019 pas et l\u2019on n\u2019en sent les effets qu\u2019apr\u00e8s quelques heures. <span style=\"text-decoration: underline;\">Sauf action instantan\u00e9e, une exposition de plusieurs dizaines de cm2 de peau \u00e0 l\u2019HF peut \u00eatre fatale.<\/span><\/strong> Cet acide attaque le verre. Seul le latex et le nitrile sont r\u00e9sistants \u00e0 l\u2019HF. <em>Otez vos gants et rincez vous les mains apr\u00e8s toute manipulation d\u2019HF.<\/em><\/li>\n<\/ul>\n<ul>\n<li>Moins dangereux, HCl irrite la peau et les poumons, HNO3 jaunit la peau, normalement sans s\u00e9quelle mais l\u2019acide concentr\u00e9 peut causer des br\u00fblures. De fa\u00e7on g\u00e9n\u00e9rale il faut \u00e9viter tout contact avec la peau et les yeux.<\/li>\n<\/ul>\n<ul>\n<li><strong><span style=\"text-decoration: underline;\">L&rsquo;acide perchlorique est extr\u00eamement r\u00e9actif avec la mati\u00e8re organique (ceci inclut la peau et le papier). <\/span><\/strong><\/li>\n<\/ul>\n<ul>\n<li>L\u2019utilisation de l\u2019eau r\u00e9gale et l\u2019ammoniaque, qui produisent des <em>radicaux libres<\/em> canc\u00e9rig\u00e8nes, doit \u00eatre limit\u00e9e et confin\u00e9e aux hottes aspirantes.<\/li>\n<\/ul>\n<ul>\n<li>L\u2019inhalation d\u2019acide ne met en jeu que des quantit\u00e9s infimes de r\u00e9actif par rapport \u00e0 l\u2019exposition au liquide, mais le port du masque est recommand\u00e9 en cas d\u2019exposition massive ou prolong\u00e9e.<\/li>\n<\/ul>\n<ul>\n<li>Le port de lentilles est fortement d\u00e9conseill\u00e9 dans la mesure o\u00f9 d\u2019une part l\u2019atmosph\u00e8re est acide et la lentille augmente l\u2019irritation de l\u2019\u0153il, et d\u2019autre part les projections d\u2019acide dans les yeux arrivent malgr\u00e9 les pr\u00e9cautions d\u2019usage, la lentille devient alors une g\u00e8ne au rin\u00e7age rapide.<\/li>\n<\/ul>\n<ul>\n<li>M\u00e9fiez-vous des m\u00e9langes entre oxydants (acide perchlorique, nitrique, peroxyde dont eau oxyg\u00e9n\u00e9e) et les solvants (ac\u00e9tone, \u00e9ther, alcool). N\u2019\u00e9vaporez les solvants qu\u2019en petite quantit\u00e9 et \u00e0 des temp\u00e9ratures r\u00e9duites, de pr\u00e9f\u00e9rence dans la hotte aspirante dans la salle de pr\u00e9paration d\u2019\u00e9chantillons \u00e0 l\u2019ext\u00e9rieur de la salle blanche si un flux laminaire n\u2019est pas indispensable<strong>.<\/strong><\/li>\n<\/ul>\n<p style=\"text-align: left;\"><strong>Evaporation<\/strong><\/p>\n<ul>\n<li>Si une r\u00e9gulation tombe en panne, une plaque peut monter \u00e0 une temp\u00e9rature sup\u00e9rieure (&gt;220\u00b0C) au point de ramollissement du PFA (Savillex transparent) et du PTFE. (T\u00e9flon blanc<strong>).\u00a0 Ne mettez pas plus de 4 grands b\u00e9chers sur les plaques de lavage collectives,<\/strong> ceci \u00e9vitera l\u2019encombrement et limitera les risques de renverser les b\u00e9chers.<\/li>\n<\/ul>\n<ul>\n<li><strong><span style=\"text-decoration: underline;\">L&rsquo;acide perchlorique HClO4<\/span><\/strong> <strong>est un explosif potentiel, surtout \u00e0 haute temp\u00e9rature.<\/strong> Ne l&rsquo;oubliez pas quand vous l&rsquo;\u00e9vaporez sur une plaque tr\u00e8s chaude dans un b\u00e9cher en t\u00e9flon (t\u00a0&lt;\u00a0200\u00b0C). Enveloppez votre b\u00e9cher de papier d&rsquo;alu et tapez souvent le fond sur la plaque, ce sera plus rapide et moins dangereux que d&rsquo;\u00e9lever la temp\u00e9rature. Minimisez les quantit\u00e9s de cet acide. Si vous le renversez sur une plaque, ne l\u2019essuyez pas avec un kleenex\u00a0: coupez le chauffage et aspergez d\u2019eau distill\u00e9e et pipetez.<\/li>\n<\/ul>\n<ul>\n<li>L\u2019\u00e9vaporation d\u2019acide perchlorique doit \u00eatre r\u00e9alis\u00e9e <strong><span style=\"text-decoration: underline;\">exclusivement<\/span><\/strong> dans la hotte aspirante de l\u2019ancienne salle blanche, pas d\u2019\u00e9vaporation d\u2019HClO4 dans la nouvelle salle.<\/li>\n<\/ul>\n<p style=\"text-align: left;\"><strong>R\u00e8gles de bon sens<\/strong><\/p>\n<ul>\n<li>Un bouchon mal viss\u00e9 peut en tombant \u00e9clabousser de liquides dangereux.<\/li>\n<\/ul>\n<ul>\n<li>Ne prenez pas les bouteilles d&rsquo;acide par le bouchon, quelqu&rsquo;un peut avoir oubli\u00e9 de le revisser.<\/li>\n<\/ul>\n<ul>\n<li>Ne remplissez pas les pissettes au dessus du trait, surtout avec des liquides \u00e0 forte tension de vapeur (ac\u00e9tone), elles deviendraient incontinentes. Ne les mettez pas \u00e0 chauffer avec des acides concentr\u00e9s. Evitez si possible de mettre les liquides potentiellement dangereux en pissette.<\/li>\n<\/ul>\n<ul>\n<li>Tout liquide, acide ou eau, renvers\u00e9 sur une paillasse doit \u00eatre essuy\u00e9 imm\u00e9diatement apr\u00e8s dilution avec de l\u2019eau. Mettez ensuite le papier utilis\u00e9 pour essuyer dans l\u2019\u00e9vier et rincer \u00e0 l\u2019eau abondamment\u00a0 avant de le jeter. La personne qui travaille \u00e0 c\u00f4t\u00e9 de vous, ou apr\u00e8s vous, ne verra peut-\u00eatre pas les gouttes ou les prendra pour des gouttes d&rsquo;eau.<\/li>\n<\/ul>\n<ul>\n<li>V\u00e9rifiez fr\u00e9quemment l&rsquo;\u00e9tat des connections \u00e9lectriques (rouille sur les prises, les plaques, les connecteurs) autour de vous et signalez les anomalies.<\/li>\n<\/ul>\n<ul>\n<li>Respectez l\u2019espace de travail des voisins pour minimiser les collisions.<\/li>\n<\/ul>\n<ul>\n<li>Apprenez les propri\u00e9t\u00e9s des diff\u00e9rents mat\u00e9riaux (polym\u00e8res plastiques, polycarbonates, fluoropolym\u00e8res, latex, nitrile) et des r\u00e9actifs que vous utilisez.<\/li>\n<\/ul>\n<p style=\"text-align: left;\"><strong>Lavage et manipulation d\u2019acides<\/strong><\/p>\n<ul>\n<li>Pr\u00e9voyez que les objets vont glisser des pinces et vous \u00e9clabousser d&rsquo;acide : mettez donc une vitre ou un <strong><span style=\"text-decoration: underline;\">heaume<\/span> entre les b\u00e9chers et vous.<\/strong> En cas de doute, utilisez un tablier et des manchettes de protection.<\/li>\n<\/ul>\n<ul>\n<li>Pour \u00e9viter la corrosion des tuyaux d\u2019\u00e9vacuation, les acides concentr\u00e9s ne doivent pas \u00eatre vers\u00e9s \u00e0 l\u2019\u00e9vier. Recyclez-les dans les bouteilles vides. Les poissons vous remercient. Ceux-ci g\u00e8rent assez bien les acides nitrique et chlorhydrique ou l\u2019ammoniaque dilu\u00e9s, mais pas le reste.<\/li>\n<\/ul>\n<ul>\n<li>Ne laissez pas une vaisselle sur la plaque sans surveillance, surtout en acide nitrique: le laboratoire de l&rsquo;IPG a br\u00fbl\u00e9 en 1982, celui du Lamont en 1991 pour cette raison.<\/li>\n<\/ul>\n<ul>\n<li>Ne confondez pas verre, t\u00e9flon et poly\u00e9thyl\u00e8ne : les temp\u00e9ratures de ramollissement sur la plaque sont tr\u00e8s diff\u00e9rentes (deuxi\u00e8me cause de l&rsquo;incendie du Lamont). Prenez connaissances des caract\u00e9ristiques des <strong>mat\u00e9riaux<\/strong> que vous utilisez surtout leur <strong>r\u00e9sistances thermique et chimique<\/strong>. Un tableau r\u00e9sumant les caract\u00e9ristiques des mat\u00e9riaux et leur compatibilit\u00e9 chimique se trouve dans le classeur sur le r\u00e9frig\u00e9rateur \u00e0 l\u2019entr\u00e9e de la salle blanche.<\/li>\n<\/ul>\n<ul>\n<li>Il est interdit de mettre sur les plaques chauffantes des r\u00e9cipients dans des mati\u00e8res autre que le t\u00e9flon (PFA, PTFE) ou verre, les plastiques (polypropyl\u00e8ne, poly\u00e9thyl\u00e8ne\u2026) pouvant \u00eatre \u00e0 l\u2019origine d\u2019incendie.<\/li>\n<\/ul>\n<p style=\"text-align: left;\"><strong>Et enfin \u2026<\/strong><\/p>\n<p style=\"text-align: left;\">Si vous ne savez pas, demandez. Si vous avez des id\u00e9es, sugg\u00e9rez-les. Si vous voyez quelqu\u2019un \u00e0 c\u00f4t\u00e9 de vous faire une manipulation qui vous semble repr\u00e9senter un probl\u00e8me de s\u00e9curit\u00e9, signalez-le lui. Si ce probl\u00e8me n\u2019est pas corrig\u00e9, parlez-en au responsable de la salle. Le laboratoire n\u2019est pas fliqu\u00e9 mais les probl\u00e8mes non signal\u00e9s engagent la s\u00e9curit\u00e9 de tous.<\/p>\n<p style=\"text-align: left;\" align=\"center\">Si vous ne comprenez pas la raison d\u2019une consigne, r\u00e9fl\u00e9chissez\u00a0: une bonne approche de la s\u00e9curit\u00e9 est rationnelle autant que r\u00e9glementaire. Apprenez \u00e0 hi\u00e9rarchiser les dangers, du plus grave, possiblement fatal (explosion, acide fluorhydrique), \u00e0 la simple nuisance (pantalon trou\u00e9 par l\u2019acide, taches d\u2019acide nitrique sur les mains, inondation). Il est peu probable, mais pas impossible, que vous d\u00e9couvriez une source de risque qui n\u2019ait pas d\u00e9j\u00e0 \u00e9t\u00e9 identifi\u00e9e. Les r\u00e8gles du laboratoire ont \u00e9t\u00e9 tr\u00e8s longuement discut\u00e9es par des dizaines d\u2019usagers. L\u2019exp\u00e9rience des accidents dans les laboratoires similaires a \u00e9t\u00e9 assimil\u00e9e. Mais le mieux est l\u2019ennemi du bien\u00a0: si vous vous \u00e9tonnez d\u2019une pratique, demandez des explications et ne r\u00e9visez pas le code par vous-m\u00eame. Il y a plus d\u2019une approche de la s\u00e9curit\u00e9 et la discussion des diff\u00e9rentes options nous fait tous progresser. Ce texte est rest\u00e9 d\u00e9lib\u00e9r\u00e9ment court afin de bien mettre l\u2019accent sur les difficult\u00e9s les plus probables.<strong><br \/>\n<\/strong><\/p>\n<div style=\"text-align: left;\">\n<p align=\"center\"><strong>Si vous mettez votre s\u00e9curit\u00e9 ou celle des autres en danger, l\u2019acc\u00e8s des salles est susceptible de vous \u00eatre interdit.<\/strong><\/p>\n<\/div>\n<p style=\"text-align: left;\">Les consignes propres \u00e0 chaque salle de manip du laboratoire sont consultables sur le site\u00a0 <a href=\"http:\/\/codex.geologie-lyon.fr\/\">http:\/\/codex.geologie-lyon.fr\/<\/a>. Ce site peut \u00eatre atteint \u00e0 l\u2019aide de votre Smartphone en flashant le QR code situ\u00e9 sur les portes de chacune des salles de manip.<\/p>\n<p style=\"text-align: left;\"><DIV class=\"entry-meta\">Voir tous les articles class\u00e9s dans <A HREF=\"https:\/\/codex.geologie-lyon.fr\/?cat=3\">Chimie<\/A><\/DIV><\/p>\n","protected":false},"excerpt":{"rendered":"<p>Salle M8 001 \u2013 ENS de Lyon, campus Monod Responsables : Emmanuelle Albalat, Aline Lamboux Postes : 8405, 8565<\/p>\n","protected":false},"author":5,"featured_media":0,"parent":10,"menu_order":0,"comment_status":"closed","ping_status":"closed","template":"","meta":[],"categories":[],"_links":{"self":[{"href":"https:\/\/codex.geologie-lyon.fr\/index.php?rest_route=\/wp\/v2\/pages\/75"}],"collection":[{"href":"https:\/\/codex.geologie-lyon.fr\/index.php?rest_route=\/wp\/v2\/pages"}],"about":[{"href":"https:\/\/codex.geologie-lyon.fr\/index.php?rest_route=\/wp\/v2\/types\/page"}],"author":[{"embeddable":true,"href":"https:\/\/codex.geologie-lyon.fr\/index.php?rest_route=\/wp\/v2\/users\/5"}],"replies":[{"embeddable":true,"href":"https:\/\/codex.geologie-lyon.fr\/index.php?rest_route=%2Fwp%2Fv2%2Fcomments&post=75"}],"version-history":[{"count":21,"href":"https:\/\/codex.geologie-lyon.fr\/index.php?rest_route=\/wp\/v2\/pages\/75\/revisions"}],"predecessor-version":[{"id":541,"href":"https:\/\/codex.geologie-lyon.fr\/index.php?rest_route=\/wp\/v2\/pages\/75\/revisions\/541"}],"up":[{"embeddable":true,"href":"https:\/\/codex.geologie-lyon.fr\/index.php?rest_route=\/wp\/v2\/pages\/10"}],"wp:attachment":[{"href":"https:\/\/codex.geologie-lyon.fr\/index.php?rest_route=%2Fwp%2Fv2%2Fmedia&parent=75"}],"wp:term":[{"taxonomy":"category","embeddable":true,"href":"https:\/\/codex.geologie-lyon.fr\/index.php?rest_route=%2Fwp%2Fv2%2Fcategories&post=75"}],"curies":[{"name":"wp","href":"https:\/\/api.w.org\/{rel}","templated":true}]}}